*a. Is a a composite number?
False
Suppose -5*y - 137*i + 818885 = -132*i, -4*y - 5*i + 655114 = 0. Is y a prime number?
True
Suppose q - 3 = -2. Let a be 127 - (q - 1 - 3). Suppose 0 = 5*v - a - 155. Is v a prime number?
False
Let y(t) be the third derivative of t**6/120 + t**5/30 + 2*t**3/3 - 12*t**2. Let v be y(-2). Is (v/(-10))/(2*(-5)/850) composite?
True
Let o be 2 + (-117)/6 + 5/(-10). Let x be (o/4)/(14/28). Is (-3)/(x/(-2454)*-2) a composite number?
False
Is ((-4)/(-8))/(22062623/(-1297802) - -17) prime?
True
Let d(z) = 7*z - 7. Let t be d(2). Suppose -79254 = -t*p - 18683. Is p a composite number?
True
Let z = -1151 + 1034. Let f = 304 + -90. Let g = f + z. Is g prime?
True
Is (-85 - -83)/((-2)/121297) a prime number?
False
Suppose -10*t + 16*t = 450. Let n = 75 - t. Suppose n = -3*d - 3*x + 333, -x - 4 = -0*x. Is d a prime number?
False
Let s(u) = 25*u - 396. Let p be s(16). Let d = 1 + 4. Suppose 5*v - p*v = -d*j + 2209, 4446 = 2*v + 3*j. Is v composite?
True
Let c(m) = 135 - 112 + 11*m + 19*m**2 + 0*m**2. Is c(10) prime?
False
Let h = -36 + 75. Let o = 46 - h. Is 2/(-2)*(-244 - o) prime?
True
Let f = -24 + 22. Let h be (130/f)/5 - -4. Is (-6)/(h/(1107/6)) a composite number?
True
Let s = -3782 + 6128. Suppose -u + s = -5147. Is u composite?
True
Suppose -5*a + 20 = 4*h, -9*a = -7*a + 2*h - 8. Suppose -27021 = -3*p - 2*g, -a*g = -53 + 41. Is p composite?
True
Suppose 26*k = 29*k + 36. Let m be (-10)/(-2) - (k - -14). Suppose 5*i + 3934 = 2*v + 2*i, -12 = m*i. Is v a prime number?
False
Let l(x) = x**3 + 16*x**2 + 21*x + 98. Let a be l(-15). Let b(m) = 12*m**2 + 4*m + 53. Is b(a) a composite number?
False
Let j(d) = 6*d**3 - 87*d**2 + 26*d - 632. Is j(39) composite?
False
Let w = -4490 + 12123. Is w prime?
False
Let g be (-38)/(-8) - 2/(-8). Suppose 26*k + 9*k = 79870. Suppose -g*b + k - 87 = 0. Is b composite?
False
Is (1 - 21/14)/(2*1/(-49804)) a composite number?
False
Suppose -j = d + 5881 + 15029, -j - 5*d = 20926. Is (j/(-6))/((-12)/(-36)) a composite number?
False
Let c(l) be the third derivative of 3*l**5/20 - 4*l**4/3 + 16*l**3/3 - 44*l**2. Is c(29) prime?
True
Suppose 389*u = 383*u + 12. Suppose -u*f + 9921 = -38141. Is f composite?
True
Let n be (-10)/25*5 + (-5 - -2). Let i(j) = j**3 + 4*j**2 - 10*j - 6. Is i(n) a composite number?
False
Let b(x) = -2149*x - 53. Let k be b(11). Let q = k - -37229. Is q a prime number?
True
Is ((-2)/4)/(1/(-3134722)) + (26 - 32) a prime number?
False
Let j be 193/((-5)/(-35)*1). Let n = 3746 - j. Suppose -5*c = 2*o - 0*c - 1584, -n = -3*o + 2*c. Is o a prime number?
True
Suppose 16*a + 363 = 14*a - 3*u, 5*a + 4*u + 925 = 0. Let z(b) = -11*b**3 - 5*b**2 - 4*b - 2. Let w be z(-3). Is w/(-3)*a/18 prime?
False
Suppose 392 = 4*d + 4*x - 596, -d - 4*x + 259 = 0. Let c = 550 - d. Is c a composite number?
False
Suppose 241288 - 1324880 = -8*k. Is k a prime number?
True
Suppose -89*t + 2143 = -90*t. Let z = -1094 - t. Is z a composite number?
False
Let n = 341 - -22056. Suppose 3*v = 2*g + n, 3*v + 2*g + 0*g = 22381. Is v a composite number?
True
Suppose 168*b - 45067739 = -231*b + 56619406. Is b composite?
True
Suppose -89 = -4*p + 3*l, 4*p - 3*l = -2*l + 83. Suppose 0 = p*f - 11*f - 4014. Is f composite?
True
Let v(o) = -o**3 + 30*o**2 + 64*o + 42. Let b be v(32). Is 4/6*251307/b a prime number?
True
Suppose 5*m - 62887 = 25545 + 65403. Is m a composite number?
True
Let n(u) = 24886*u**3 + 3*u**2 - 1. Let z be n(1). Suppose z = 3*v + 3*m, 3*m = -2*v - 2318 + 18907. Is v a prime number?
False
Let g(z) = -249 + 90*z + 269 - 547*z. Let j be g(6). Is j/(-1) + (-36)/12 a composite number?
False
Suppose -5*d + 3*a + 4060 = 0, -124*a + 3235 = 4*d - 129*a. Is d composite?
True
Is 21/28*(-483594)/9*-2 prime?
True
Let r(g) = -381*g + 35. Let j be (12/27 + (-68)/(-90))*-5. Is r(j) a composite number?
True
Suppose -4*d + 12182 = -4558. Suppose 0*h + d = 3*h. Let p = -976 + h. Is p composite?
False
Let z(k) = k**3 + 14*k**2 - 16*k - 7. Let j be z(-15). Suppose j + 2 = -5*r, -2*b = 2*r + 212. Let w = -15 - b. Is w a prime number?
True
Suppose 0 = -5*m - 3 + 213. Suppose -655786 = m*w - 1697260. Is w a prime number?
False
Suppose -90 = 4*a + m, -3*a + 0*a + 5*m - 56 = 0. Let l(p) = -p - 22. Let c be l(a). Suppose c = 4*n - 438 - 206. Is n composite?
True
Suppose -o = 6*h - 2*h - 19, -o = 1. Suppose h*x = 5*w - 6965, -2*w - w - 2*x + 4199 = 0. Is w prime?
False
Let t = -634711 + 1669106. Is t composite?
True
Let z(b) = -5*b**3 + 6*b**2 + 14*b + 39. Let y be z(9). Let i = -1133 - y. Is i a prime number?
True
Let l be (-5 - -3)/((-16)/136). Let u = l - 15. Is ((2072/(-1))/(-4))/u a composite number?
True
Is -23 + (-2)/1 - -3403944 composite?
False
Let p(f) = 26*f**2 - 837*f + 24. Is p(-43) a composite number?
False
Let j(u) = 3*u - 20. Let o be j(10). Suppose -p + o*p = 15777. Is p a composite number?
False
Suppose -15 = -3*b, 0 = 2*i - 6*b - 5296 - 10104. Is i a composite number?
True
Let v = 1144 + 12393. Is v prime?
True
Suppose -34*w = 197*w - 31671363 - 1624746. Is w a composite number?
False
Let c = 3637296 + -2544901. Is c prime?
False
Let q be 152/26 - 30/(-195). Let h be (-12)/16*-4 - (5 - 381). Suppose q*f - 407 = h. Is f a composite number?
False
Is ((-223)/6)/(37/(-3774)) prime?
False
Suppose -3*b + 40714 = 4*t, -5*t = 4*b - 0*t - 54284. Suppose b + 1166 = 4*k. Is k composite?
True
Suppose -5*k - 131450 = -5*w, w + 5*k - 30408 = -4172. Is w composite?
True
Let n(q) = 13*q + 282. Let r be n(0). Let j = 14672 + r. Is j composite?
True
Suppose -3*y - 4*p + 20 = -25, 5*p = -5*y + 70. Let q(s) be the second derivative of 35*s**3/6 + 17*s**2 + 297*s. Is q(y) composite?
False
Suppose 69*w - 1022318 = 3589711. Is w composite?
False
Let p be 4/(-10) + 2873920/175. Let g = p + -5519. Is g a prime number?
True
Let d(t) = -72811*t + 8. Let a be d(1). Let f = -40145 - a. Suppose -9*w = 2499 - f. Is w a composite number?
True
Let b = -26241 - -427770. Is b prime?
False
Let n be 4 + 3 + (-2 - 4). Let p(a) = 3040*a**2 - 4*a + 1. Is p(n) a prime number?
True
Let h be (-40)/(-19) + (-66)/627. Suppose -2*g = -h*n - 3692, 2*g - 9190 = -3*g - 3*n. Is g prime?
False
Let i = 83206 - 23082. Suppose 0 = 11*u - 5755 - i. Is u a composite number?
True
Let i(p) = -527*p + 967. Is i(-42) composite?
True
Suppose 0 = 4*p - 4*q - 536740, -2*p = -411*q + 412*q - 268388. Is p composite?
False
Suppose -3*k = 3*r - 232905, 4*r + k - 419555 = -108997. Is r a composite number?
False
Let n be 2978/(-6) + 6/(-9). Let r = n + 976. Is r composite?
False
Let t(i) = i**3 + i**2. Let v be t(0). Let q(r) = r**2 - r + 4. Let u be q(v). Suppose 160 + 354 = 2*z + 4*l, -1002 = -u*z + 5*l. Is z prime?
False
Let d(f) = f**3 + 30*f**2 + 26*f + 56. Suppose 78 - 378 = 12*q. Is d(q) a composite number?
False
Suppose 24*n = -5*n + 402723. Suppose d - 10*d + n = 0. Is d a prime number?
True
Suppose 3*p - 2*x = 6, -p + 3*x + 11 = 4*p. Let k = -20 + 23. Suppose -3*q + 67 = -2*i - 890, -k*q + 963 = -p*i. Is q a composite number?
False
Let f(i) = i**2 + i + 1409. Let j = -65 + 68. Suppose j*h = 5*h. Is f(h) composite?
False
Let m(b) = 11378*b - 505. Is m(6) composite?
False
Let s(x) = -763*x**3 - 9*x**2 - 37*x - 1. Let z be s(-4). Let l = z + -12056. Is l a composite number?
False
Suppose 15*y - 9248014 = 1216541. Is y prime?
True
Let k(d) = 2439*d + 20. Let r(b) = -606*b - 5. Let o(q) = -2*k(q) - 9*r(q). Let l(f) = f - 1. Let s be l(5). Is o(s) a composite number?
False
Suppose -4*x = 5*t - 20, -7*t + 14 = 3*x - 3*t. Let g be (-22)/(-4) - 5/x. Is -23*g/((-20)/4) prime?
True
Let p(y) = -72*y**2 + 2*y + 1. Let w be p(-2). Let s(j) = -58*j + 28. Let q be s(3). Let f = q - w. Is f prime?
False
Suppose -3*t + 5*b - 273785 = -8*t, -4*t + 11*b + 218938 = 0. Is t a prime number?
True
Let u be -846 - 8/(-12)*(-3)/(-2). Let v be -5244*((-18)/4 + 3 + 1). Let b = u + v. Is b a prime number?
True
Suppose -245073 = -3*z - 2*t, -321*z = -326*z + 4*t + 408455. Is z a prime number?
False
Let z(l) be the first derivative of -13*l + 1 + 3 - 3 - 51*l**2. Is z(-9) a composite number?
True
Let p(h) be the second derivative of h**5/20 + 5*h**4/12 - h**3 - 14*h. Let b be p(-6). Suppose -8*q + 13*q - 955 = b. Is q a prime number?
True
Let s = 7818 - 3677. Is s composite?
True
Supp